[INFO] fetching crate cxmr-ws-client-poloniex 0.0.1...
[INFO] building cxmr-ws-client-poloniex-0.0.1 against master#881c1ac408d93bb7adaa3a51dabab9266e82eee8 for issue-85264
[INFO] extracting crate cxmr-ws-client-poloniex 0.0.1 into /workspace/builds/worker-7/source
[INFO] validating manifest of crates.io crate cxmr-ws-client-poloniex 0.0.1 on toolchain 881c1ac408d93bb7adaa3a51dabab9266e82eee8
[INFO] running `Command { std: "/workspace/cargo-home/bin/cargo" "+881c1ac408d93bb7adaa3a51dabab9266e82eee8" "metadata" "--manifest-path" "Cargo.toml" "--no-deps", kill_on_drop: false }`
[INFO] started tweaking crates.io crate cxmr-ws-client-poloniex 0.0.1
[INFO] finished tweaking crates.io crate cxmr-ws-client-poloniex 0.0.1
[INFO] tweaked toml for crates.io crate cxmr-ws-client-poloniex 0.0.1 written to /workspace/builds/worker-7/source/Cargo.toml
[INFO] crate crates.io crate cxmr-ws-client-poloniex 0.0.1 already has a lockfile, it will not be regenerated
[INFO] running `Command { std: "/workspace/cargo-home/bin/cargo" "+881c1ac408d93bb7adaa3a51dabab9266e82eee8" "fetch" "--manifest-path" "Cargo.toml", kill_on_drop: false }`
[INFO] [stderr]  Downloading crates ...
[INFO] [stderr]   Downloaded cxmr-ws-client v0.0.1
[INFO] [stderr]   Downloaded futures-async-stream-macro v0.1.2
[INFO] [stderr]   Downloaded futures-async-stream v0.1.2
[INFO] [stderr]   Downloaded cxmr-http-client v0.0.1
[INFO] [stderr]   Downloaded cxmr-balances v0.0.1
[INFO] [stderr]   Downloaded cxmr-exchanges v0.0.1
[INFO] [stderr]   Downloaded cxmr-api-clients-errors v0.0.1
[INFO] [stderr]   Downloaded websocket-lite v0.3.2
[INFO] [stderr]   Downloaded err-convert-macro v0.0.1
[INFO] [stderr]   Downloaded cxmr-currency v0.0.1
[INFO] [stderr]   Downloaded cxmr-feeds v0.0.1
[INFO] [stderr]   Downloaded websocket-codec v0.2.2
[INFO] running `Command { std: "docker" "create" "-v" "/var/lib/crater-agent-workspace/builds/worker-7/target:/opt/rustwide/target:rw,Z" "-v" "/var/lib/crater-agent-workspace/builds/worker-7/source:/opt/rustwide/workdir:ro,Z" "-v" "/var/lib/crater-agent-workspace/cargo-home:/opt/rustwide/cargo-home:ro,Z" "-v" "/var/lib/crater-agent-workspace/rustup-home:/opt/rustwide/rustup-home:ro,Z" "-e" "SOURCE_DIR=/opt/rustwide/workdir" "-e" "CARGO_TARGET_DIR=/opt/rustwide/target" "-e" "CARGO_HOME=/opt/rustwide/cargo-home" "-e" "RUSTUP_HOME=/opt/rustwide/rustup-home" "-w" "/opt/rustwide/workdir" "-m" "1610612736" "--user" "0:0" "--network" "none" "ghcr.io/rust-lang/crates-build-env/linux@sha256:20528e8c29e4536546f0102ce88568b16ea7538393a33fcca951030f7af10457" "/opt/rustwide/cargo-home/bin/cargo" "+881c1ac408d93bb7adaa3a51dabab9266e82eee8" "metadata" "--no-deps" "--format-version=1", kill_on_drop: false }`
[INFO] [stderr] WARNING: Your kernel does not support swap limit capabilities or the cgroup is not mounted. Memory limited without swap.
[INFO] [stdout] 90bd47c32c7ce17779c0104a512ddcae3e4155a3e98088007dfe4ab797629f45
[INFO] running `Command { std: "docker" "start" "-a" "90bd47c32c7ce17779c0104a512ddcae3e4155a3e98088007dfe4ab797629f45", kill_on_drop: false }`
[INFO] running `Command { std: "docker" "inspect" "90bd47c32c7ce17779c0104a512ddcae3e4155a3e98088007dfe4ab797629f45", kill_on_drop: false }`
[INFO] running `Command { std: "docker" "rm" "-f" "90bd47c32c7ce17779c0104a512ddcae3e4155a3e98088007dfe4ab797629f45", kill_on_drop: false }`
[INFO] [stdout] 90bd47c32c7ce17779c0104a512ddcae3e4155a3e98088007dfe4ab797629f45
[INFO] running `Command { std: "docker" "create" "-v" "/var/lib/crater-agent-workspace/builds/worker-7/target:/opt/rustwide/target:rw,Z" "-v" "/var/lib/crater-agent-workspace/builds/worker-7/source:/opt/rustwide/workdir:ro,Z" "-v" "/var/lib/crater-agent-workspace/cargo-home:/opt/rustwide/cargo-home:ro,Z" "-v" "/var/lib/crater-agent-workspace/rustup-home:/opt/rustwide/rustup-home:ro,Z" "-e" "SOURCE_DIR=/opt/rustwide/workdir" "-e" "CARGO_TARGET_DIR=/opt/rustwide/target" "-e" "CARGO_INCREMENTAL=0" "-e" "RUST_BACKTRACE=full" "-e" "RUSTFLAGS=--cap-lints=forbid" "-e" "CARGO_HOME=/opt/rustwide/cargo-home" "-e" "RUSTUP_HOME=/opt/rustwide/rustup-home" "-w" "/opt/rustwide/workdir" "-m" "1610612736" "--user" "0:0" "--network" "none" "ghcr.io/rust-lang/crates-build-env/linux@sha256:20528e8c29e4536546f0102ce88568b16ea7538393a33fcca951030f7af10457" "/opt/rustwide/cargo-home/bin/cargo" "+881c1ac408d93bb7adaa3a51dabab9266e82eee8" "build" "--frozen" "--message-format=json", kill_on_drop: false }`
[INFO] [stdout] 7c76334e466296b37cf18053371c461707562ea64ac28c561a1ed28d173d47b1
[INFO] [stderr] WARNING: Your kernel does not support swap limit capabilities or the cgroup is not mounted. Memory limited without swap.
[INFO] running `Command { std: "docker" "start" "-a" "7c76334e466296b37cf18053371c461707562ea64ac28c561a1ed28d173d47b1", kill_on_drop: false }`
[INFO] [stderr]    Compiling libc v0.2.66
[INFO] [stderr]    Compiling unicode-xid v0.2.0
[INFO] [stderr]    Compiling syn v1.0.11
[INFO] [stderr]    Compiling cfg-if v0.1.10
[INFO] [stderr]    Compiling cc v1.0.48
[INFO] [stderr]    Compiling log v0.4.8
[INFO] [stderr]    Compiling slab v0.4.2
[INFO] [stderr]    Compiling fnv v1.0.6
[INFO] [stderr]    Compiling pkg-config v0.3.17
[INFO] [stderr]    Compiling bytes v0.5.3
[INFO] [stderr]    Compiling lazy_static v1.4.0
[INFO] [stderr]    Compiling pin-project-lite v0.1.1
[INFO] [stderr]    Compiling itoa v0.4.4
[INFO] [stderr]    Compiling futures-io v0.3.1
[INFO] [stderr]    Compiling serde v1.0.104
[INFO] [stderr]    Compiling bitflags v1.2.1
[INFO] [stderr]    Compiling foreign-types-shared v0.1.1
[INFO] [stderr]    Compiling native-tls v0.2.3
[INFO] [stderr]    Compiling openssl-probe v0.1.2
[INFO] [stderr]    Compiling ryu v1.0.2
[INFO] [stderr]    Compiling try-lock v0.2.2
[INFO] [stderr]    Compiling ppv-lite86 v0.2.6
[INFO] [stderr]    Compiling matches v0.1.8
[INFO] [stderr]    Compiling err-convert-macro v0.0.1
[INFO] [stderr]    Compiling percent-encoding v2.1.0
[INFO] [stderr]    Compiling futures-channel v0.3.1
[INFO] [stderr]    Compiling indexmap v1.3.0
[INFO] [stderr]    Compiling num-traits v0.2.10
[INFO] [stderr]    Compiling num-integer v0.1.41
[INFO] [stderr]    Compiling foreign-types v0.3.2
[INFO] [stderr]    Compiling unicode-bidi v0.3.4
[INFO] [stderr]    Compiling proc-macro2 v1.0.6
[INFO] [stderr]    Compiling http v0.2.0
[INFO] [stderr]    Compiling c2-chacha v0.2.3
[INFO] [stderr]    Compiling want v0.3.0
[INFO] [stderr]    Compiling idna v0.2.0
[INFO] [stderr]    Compiling quote v1.0.2
[INFO] [stderr]    Compiling net2 v0.2.33
[INFO] [stderr]    Compiling iovec v0.1.4
[INFO] [stderr]    Compiling num_cpus v1.11.1
[INFO] [stderr]    Compiling signal-hook-registry v1.2.0
[INFO] [stderr]    Compiling getrandom v0.1.13
[INFO] [stderr]    Compiling time v0.1.42
[INFO] [stderr]    Compiling openssl-sys v0.9.53
[INFO] [stderr]    Compiling backtrace-sys v0.1.32
[INFO] [stderr]    Compiling rand_core v0.5.1
[INFO] [stderr]    Compiling mio v0.6.21
[INFO] [stderr]    Compiling url v2.1.0
[INFO] [stderr]    Compiling rand_chacha v0.2.1
[INFO] [stderr]    Compiling rand v0.7.2
[INFO] [stderr]    Compiling chrono v0.4.10
[INFO] [stderr]    Compiling http-body v0.3.1
[INFO] [stderr]    Compiling mio-uds v0.6.7
[INFO] [stderr]    Compiling openssl v0.10.26
[INFO] [stderr]    Compiling backtrace v0.3.40
[INFO] [stderr]    Compiling hashbrown v0.1.8
[INFO] [stderr]    Compiling serde_json v1.0.44
[INFO] [stderr]    Compiling synstructure v0.12.3
[INFO] [stderr]    Compiling tokio-macros v0.2.1
[INFO] [stderr]    Compiling proc-macro-hack v0.5.11
[INFO] [stderr]    Compiling failure_derive v0.1.6
[INFO] [stderr]    Compiling pin-project-internal v0.4.6
[INFO] [stderr]    Compiling serde_derive v1.0.104
[INFO] [stderr]    Compiling tokio v0.2.6
[INFO] [stderr]    Compiling failure v0.1.6
[INFO] [stderr]    Compiling futures-macro v0.3.1
[INFO] [stderr]    Compiling pin-project v0.4.6
[INFO] [stderr]    Compiling futures-util v0.3.1
[INFO] [stderr]    Compiling tokio-util v0.2.0
[INFO] [stderr]    Compiling tokio-tls v0.3.0
[INFO] [stderr]    Compiling websocket-codec v0.2.2
[INFO] [stderr]    Compiling h2 v0.2.1
[INFO] [stderr]    Compiling futures-executor v0.3.1
[INFO] [stderr]    Compiling futures v0.3.1
[INFO] [stderr]    Compiling websocket-lite v0.3.2
[INFO] [stderr]    Compiling cxmr-balances v0.0.1
[INFO] [stderr]    Compiling cxmr-currency v0.0.1
[INFO] [stderr]    Compiling cxmr-exchanges v0.0.1
[INFO] [stderr]    Compiling hyper v0.13.1
[INFO] [stderr]    Compiling cxmr-feeds v0.0.1
[INFO] [stderr]    Compiling hyper-tls v0.4.0
[INFO] [stderr]    Compiling cxmr-http-client v0.0.1
[INFO] [stderr]    Compiling cxmr-api-clients-errors v0.0.1
[INFO] [stderr]    Compiling cxmr-ws-client v0.0.1
[INFO] [stderr]    Compiling cxmr-ws-client-poloniex v0.0.1 (/opt/rustwide/workdir)
[INFO] [stderr]     Finished dev [unoptimized + debuginfo] target(s) in 1m 06s
[INFO] running `Command { std: "docker" "inspect" "7c76334e466296b37cf18053371c461707562ea64ac28c561a1ed28d173d47b1", kill_on_drop: false }`
[INFO] running `Command { std: "docker" "rm" "-f" "7c76334e466296b37cf18053371c461707562ea64ac28c561a1ed28d173d47b1", kill_on_drop: false }`
[INFO] [stdout] 7c76334e466296b37cf18053371c461707562ea64ac28c561a1ed28d173d47b1
[INFO] running `Command { std: "docker" "create" "-v" "/var/lib/crater-agent-workspace/builds/worker-7/target:/opt/rustwide/target:rw,Z" "-v" "/var/lib/crater-agent-workspace/builds/worker-7/source:/opt/rustwide/workdir:ro,Z" "-v" "/var/lib/crater-agent-workspace/cargo-home:/opt/rustwide/cargo-home:ro,Z" "-v" "/var/lib/crater-agent-workspace/rustup-home:/opt/rustwide/rustup-home:ro,Z" "-e" "SOURCE_DIR=/opt/rustwide/workdir" "-e" "CARGO_TARGET_DIR=/opt/rustwide/target" "-e" "CARGO_INCREMENTAL=0" "-e" "RUST_BACKTRACE=full" "-e" "RUSTFLAGS=--cap-lints=forbid" "-e" "CARGO_HOME=/opt/rustwide/cargo-home" "-e" "RUSTUP_HOME=/opt/rustwide/rustup-home" "-w" "/opt/rustwide/workdir" "-m" "1610612736" "--user" "0:0" "--network" "none" "ghcr.io/rust-lang/crates-build-env/linux@sha256:20528e8c29e4536546f0102ce88568b16ea7538393a33fcca951030f7af10457" "/opt/rustwide/cargo-home/bin/cargo" "+881c1ac408d93bb7adaa3a51dabab9266e82eee8" "test" "--frozen" "--no-run" "--message-format=json", kill_on_drop: false }`
[INFO] [stdout] 9a10f0d8195195c5d41a30e8b5bfe41d5956cf16f17d9bde75ba6b4f1943e29e
[INFO] [stderr] WARNING: Your kernel does not support swap limit capabilities or the cgroup is not mounted. Memory limited without swap.
[INFO] running `Command { std: "docker" "start" "-a" "9a10f0d8195195c5d41a30e8b5bfe41d5956cf16f17d9bde75ba6b4f1943e29e", kill_on_drop: false }`
[INFO] [stderr]    Compiling quick-error v1.2.2
[INFO] [stderr]    Compiling termcolor v1.0.5
[INFO] [stderr]    Compiling thread_local v0.3.6
[INFO] [stderr]    Compiling atty v0.2.13
[INFO] [stderr]    Compiling futures-async-stream-macro v0.1.2
[INFO] [stderr]    Compiling humantime v1.3.0
[INFO] [stderr]    Compiling regex v1.3.1
[INFO] [stderr]    Compiling env_logger v0.6.2
[INFO] [stderr]    Compiling futures-async-stream v0.1.2
[INFO] [stdout] error[E0061]: this function takes 1 argument but 0 arguments were supplied
[INFO] [stdout]    --> /opt/rustwide/cargo-home/registry/src/github.com-1ecc6299db9ec823/futures-async-stream-0.1.2/src/lib.rs:295:26
[INFO] [stdout]     |
[INFO] [stdout] 295 |             match this.0.resume() {
[INFO] [stdout]     |                          ^^^^^^- supplied 0 arguments
[INFO] [stdout]     |
[INFO] [stdout] note: associated function defined here
[INFO] [stdout] help: expected the unit value `()`; create it with empty parentheses
[INFO] [stdout]     |
[INFO] [stdout] 295 |             match this.0.resume(()) {
[INFO] [stdout]     |                                 ^^
[INFO] [stdout] 
[INFO] [stdout] 
[INFO] [stdout] error[E0061]: this function takes 1 argument but 0 arguments were supplied
[INFO] [stdout]    --> /opt/rustwide/cargo-home/registry/src/github.com-1ecc6299db9ec823/futures-async-stream-0.1.2/src/lib.rs:377:28
[INFO] [stdout]     |
[INFO] [stdout] 377 |             match this.gen.resume() {
[INFO] [stdout]     |                            ^^^^^^- supplied 0 arguments
[INFO] [stdout]     |
[INFO] [stdout] note: associated function defined here
[INFO] [stdout] help: expected the unit value `()`; create it with empty parentheses
[INFO] [stdout]     |
[INFO] [stdout] 377 |             match this.gen.resume(()) {
[INFO] [stdout]     |                                   ^^
[INFO] [stdout] 
[INFO] [stdout] 
[INFO] [stdout] error[E0061]: this function takes 1 argument but 0 arguments were supplied
[INFO] [stdout]    --> /opt/rustwide/cargo-home/registry/src/github.com-1ecc6299db9ec823/futures-async-stream-0.1.2/src/lib.rs:493:38
[INFO] [stdout]     |
[INFO] [stdout] 493 |             let res = match this.gen.resume() {
[INFO] [stdout]     |                                      ^^^^^^- supplied 0 arguments
[INFO] [stdout]     |
[INFO] [stdout] note: associated function defined here
[INFO] [stdout] help: expected the unit value `()`; create it with empty parentheses
[INFO] [stdout]     |
[INFO] [stdout] 493 |             let res = match this.gen.resume(()) {
[INFO] [stdout]     |                                             ^^
[INFO] [stdout] 
[INFO] [stdout] 
[INFO] [stdout] error: aborting due to 3 previous errors
[INFO] [stdout] 
[INFO] [stdout] 
[INFO] [stdout] For more information about this error, try `rustc --explain E0061`.
[INFO] [stdout] 
[INFO] [stderr] error: could not compile `futures-async-stream`
[INFO] [stderr] 
[INFO] [stderr] To learn more, run the command again with --verbose.
[INFO] [stderr] warning: build failed, waiting for other jobs to finish...
[INFO] [stderr] error: build failed
[INFO] running `Command { std: "docker" "inspect" "9a10f0d8195195c5d41a30e8b5bfe41d5956cf16f17d9bde75ba6b4f1943e29e", kill_on_drop: false }`
[INFO] running `Command { std: "docker" "rm" "-f" "9a10f0d8195195c5d41a30e8b5bfe41d5956cf16f17d9bde75ba6b4f1943e29e", kill_on_drop: false }`
[INFO] [stdout] 9a10f0d8195195c5d41a30e8b5bfe41d5956cf16f17d9bde75ba6b4f1943e29e
